320).
28
Let q(x) = -62*x + 1461. What is q(0)?
1461
Let f(k) = -30*k**3 + 79*k**2 - 54*k - 32. Determine f(4).
-904
Let z(n) = 143970*n + 9933930. Determine z(-69).
0
Let t(m) = 3650*m - 11032. Give t(3).
-82
Let i(z) = -9*z**3 + 44*z**2 + 9*z + 33. Calculate i(6).
-273
Let a(s) = 256*s**2 - 15638*s - 14506. Calculate a(62).
2
Let m(o) = o**2 - 11524*o - 161670. What is m(-14)?
-138
Let y(g) = -241*g + 6447. What is y(27)?
-60
Let l(o) = -6*o**2 - 2818*o - 21235. Determine l(-462).
17
Let x(b) = b**2 + 429*b + 4602. Give x(-418).
4
Let q(m) = -2*m**3 - 24023*m**2 + 144231*m - 116. Determine q(6).
10
Let w(q) = -61*q**3 - q**2 + 5*q + 3. Determine w(-1).
58
Let n(b) = b**2 - 102*b - 351. Calculate n(114).
1017
Let b(t) = t**2 + 66275*t + 198829. Calculate b(-3).
13
Let l(a) = 1319*a + 37159. Give l(-27).
1546
Let s(y) = y**2 - 120454*y + 481800. Give s(4).
0
Let d(l) = 92*l**2 - 68*l - 708. Calculate d(-8).
5724
Let j(y) = -2813*y + 1547138. Calculate j(550).
-12
Let b(y) = -15*y**2 + 8433*y + 33966. Determine b(-4).
-6
Let x(n) = -1414*n + 443983. Calculate x(314).
-13
Let g(s) = s**3 - 139*s**2 + 255*s - 35438. Give g(139).
7
Let w(x) = 139356*x + 11566537. Give w(-83).
-11
Let u(y) = 16*y**2 + 1140*y + 4545. What is u(-67)?
-11
Let a(f) = -12*f**3 - 3*f**2 - 13*f - 35. Calculate a(-3).
301
Let g(n) = 33*n + 1822. Determine g(-69).
-455
Let f(h) = 167*h - 1126. Give f(-9).
-2629
Let k(j) = -2*j**3 - 25*j**2 + 14*j + 12. Give k(1).
-1
Let h(q) = q**3 - 2*q**2 - 112139*q + 560617. What is h(5)?
-3
Let w(q) = -30*q**3 + 29*q**2 - 174*q + 237. What is w(2)?
-235
Let d(g) = g**3 + 16*g**2 + 83*g + 126. What is d(-8)?
-26
Let g(y) = -y**2 + 125699*y + 3268839. What is g(-26)?
-11
Let a(g) = 379*g**2 - 44715*g - 476. Give a(118).
350
Let h(d) = -d**3 + 476*d**2 + 7342*d + 11309. Calculate h(491).
16
Let j(x) = -5*x**2 + 549*x - 21367. Calculate j(43).
-7005
Let a(s) = 5422*s + 21422. What is a(-4)?
-266
Let p(y) = y**2 + 6823*y - 164389. Determine p(24).
-61
Let x(r) = 143124*r + 1574372. Calculate x(-11).
8
Let u(t) = -19*t + 62. Calculate u(-33).
689
Let d(k) = -1111*k - 304725. Calculate d(-276).
1911
Let y(v) = 58*v**2 + 447*v + 128. Determine y(-8).
264
Let k(q) = -139437*q - 1533801. What is k(-11)?
6
Let o(t) = -4*t**3 + 592*t**2 + 4984*t + 1303. What is o(156)?
55
Let g(j) = -471*j - 21620. Give g(-46).
46
Let q(s) = -121*s**2 - 96080*s - 4756. Give q(-794).
8
Let b(j) = -j**3 + 442*j**2 + 17713*j - 194. Give b(-37).
176
Let b(c) = -1267*c - 5263. Calculate b(-4).
-195
Let n(a) = -24*a**2 - 204*a + 28. Calculate n(6).
-2060
Let b(f) = f**3 + 22*f**2 - 143*f - 798. Determine b(8).
-22
Let x(l) = 1690*l + 137081. Calculate x(-81).
191
Let k(z) = z**3 + 6*z**2 + 3460*z + 13810. What is k(-4)?
2
Let r(c) = 12*c**3 + 403*c**2 + 33*c - 264. Calculate r(-33).
6270
Let l(r) = r**2 - 79*r + 1090. Determine l(14).
180
Let j(g) = g**3 - 13*g**2 - 251*g + 3145. Determine j(12).
-11
Let n(o) = 7146*o - 28. Determine n(0).
-28
Let f(k) = -286*k + 12584. Give f(43).
286
Let x(g) = -8*g**2 + 12956*g + 51951. Give x(-4).
-1
Let w(t) = -4*t**2 - 660*t - 11098. Determine w(-19).
-2
Let s(j) = 2*j**3 - 23*j**2 + 142*j - 309. What is s(8)?
379
Let q(u) = -2107*u - 2016. Give q(-1).
91
Let l(j) = 2*j**3 + 116*j**2 - 632*j + 44. Determine l(-63).
170
Let t(a) = 2667*a + 1167. Give t(-1).
-1500
Let p(k) = 1607*k + 5101. What is p(-3)?
280
Let r(s) = -3*s**3 + 167*s**2 - 969*s - 653. Give r(49).
-114
Let m(n) = 13817*n - 234953. Give m(17).
-64
Let g(x) = -25723*x - 77170. Calculate g(-3).
-1
Let i(z) = -796*z + 41362. Determine i(52).
-30
Let t(f) = -f**2 + 550*f - 18015. What is t(35)?
10
Let s(n) = -224*n - 6258. Give s(-27).
-210
Let d(l) = -l**2 - 822*l + 47497. Calculate d(55).
-738
Let j(g) = -2*g**3 + 229*g**2 + 76*g - 21660. Give j(114).
0
Let r(m) = 22255*m - 667488. Give r(30).
162
Let u(t) = -409*t - 6668. Calculate u(-16).
-124
Let i(j) = j**3 + 254*j**2 + 1355*j + 613. Determine i(-5).
63
Let t(o) = -o**3 + 69*o**2 - 1159*o - 320. Give t(39).
109
Let p(k) = 7*k**2 - 543*k + 3412. Give p(71).
146
Let k(i) = -1066*i - 80935. Calculate k(-76).
81
Let c(y) = -1172*y + 25762. Calculate c(18).
4666
Let s(g) = -6*g**3 - g**2 - 4*g - 28. Give s(-2).
24
Let q(u) = -3*u**2 - 230*u - 4019. Determine q(-43).
324
Let y(o) = 19*o**3 - 61*o**2 + 64*o + 15. What is y(4)?
511
Let j(l) = -l**3 + 11*l**2 + 101*l + 74. Give j(-10).
1164
Let t(m) = m**3 - 750*m**2 + 14637*m - 27023. Give t(730).
-13
Let y(h) = h**3 + 2*h**2 + h - 42. What is y(-6)?
-192
Let c(b) = -732*b + 10626. Determine c(14).
378
Let z(x) = -x**3 + 94*x**2 + 74*x + 1906. Determine z(95).
-89
Let d(s) = 17*s**2 + 1478*s + 160. What is d(-88)?
1744
Let w(h) = 29*h**2 - 279*h + 1565. Determine w(5).
895
Let j(u) = -528*u - 14188. What is j(-32)?
2708
Let y(o) = -54643*o + 6611807. Calculate y(121).
4
Let u(s) = s**2 - 608*s + 72120. What is u(161)?
153
Let w(t) = -t**3 - 153*t**2 - 628*t - 96254. Determine w(-153).
-170
Let f(p) = -2*p**3 + 103*p**2 + 346*p + 47. What is f(55)?
-2098
Let i(s) = -206*s - 16072. Calculate i(-77).
-210
Let o(h) = h**3 - 419*h**2 + 2454*h + 9900. What is o(413)?
-12
Let o(u) = 2018*u + 918417. What is o(-455)?
227
Let d(c) = 31*c**2 + 9979*c - 943. What is d(-322)?
23
Let c(q) = 298*q + 50065. Give c(-168).
1
Let b(k) = k**2 + 1559*k - 11000. Give b(7).
-38
Let c(v) = v**3 + 28*v**2 - 2379*v - 1140. Determine c(37).
-178
Let g(y) = 358*y**2 + 1842*y + 184. What is g(-5)?
-76
Let o(f) = 30979*f + 526707. What is o(-17)?
64
Let a(i) = -i**3 + 438*i**2 + 11516*i + 27303. Give a(463).
-14
Let l(n) = 2*n**3 + 35*n**2 + 19*n + 402. Give l(-17).
368
Let s(x) = -5620*x + 56218. Give s(10).
18
Let m(q) = 5648*q - 779433. Determine m(138).
-9
Let s(d) = -67*d - 5411. Determine s(-78).
-185
Let f(n) = -59636*n + 5903945. Calculate f(99).
-19
Let h(o) = -o**2 + 8798*o + 34245846. Calculate h(-2922).
6
Let r(l) = 5*l**2 - 446547*l - 3126065. Calculate r(-7).
9
Let c(x) = 32*x**3 - 66*x**2 - 123*x + 228. What is c(2)?
-26
Let i(l) = 164*l - 3660. Determine i(21).
-216
Let o(h) = -h**3 + 48*h**2 - 200*h - 646. What is o(43)?
-1
Let w(v) = v**3 + 53*v**2 + 639*v + 20. What is w(-25)?
1545
Let t(j) = -63*j + 11465. Calculate t(181).
62
Let n(a) = 9*a**2 + 5230*a - 21049. Calculate n(4).
15
Let q(g) = 18*g**3 + 201*g**2 + 18*g + 38. Determine q(-11).
203
Let t(i) = -410*i**2 - 4528*i - 172. What is t(-11)?
26
Let x(k) = -k**3 - 7081*k**2 + 70925*k - 152. Give x(10).
-2
Let a(n) = -7534*n + 37231. What is a(5)?
-439
Let s(t) = 2*t**3 - 316*t**2 - 358*t + 6348. What is s(159)?
-12
Let s(m) = m**2 + 257*m - 63399. Give s(151).
-1791
Let c(w) = 2*w**2 + 376*w + 8661. Determine c(-27).
-33
Let i(y) = -3*y**3 + 23*y**2 + 8*y - 248. Calculate i(5).
-8
Let q(j) = -10*j**3 + 50*j**2 + 6*j + 39. Give q(6).
-285
Let r(k) = -70*k**3 - 49*k**2 - 2*k + 5. Calculate r(-2).
373
Let l(g) = 666*g**3 - 4*g**2 + 140*g - 136. Determine l(1).
666
Let z(k) = -k**3 + 41*k**2 - 127*k + 72. Calculate z(38).
-422
Let k(b) = -6964*b - 160199. Give k(-23).
-27
Let i(o) = -12*o**2 + 2047*o + 800. Give i(171).
-55
Let h(y) = -425*y**2 + 241827*y - 1150. Give h(569).
-12
Let o(q) = -34042*q**2 - 2212730*q. What is o(-65)?
0
Let k(x) = -x**2 - 1264*x + 58911. What is k(45)?
6
Let g(w) = -52912*w + 22752170. Give g(430).
10
Let d(k) = 467*k + 15021. Determine d(-33).
-390
Let s(y) = 5*y**3 - 17*y**2 - 2*y + 349. Determine s(6).
805
Let y(j) = 8*j**2 - 127*j - 15. Give y(9).
-510
Let b(z) = -z**3 + 103*z**2 + 909*z - 2372. Give b(111).
-41
Let f(p) = -p**3 + 512*p**2 + 529*p - 8222. Give f(513).
-14
Let z(u) = 120*u**3 + 1199*u**2 + 248*u + 2574. Calculate z(-10).
-6
Let m(b) = 59930*b + 479440. Calculate m(-8).
0
Let i(w) = w**3 + 66*w**2 - 136*w - 24. Give i(-68).
-24
Let r(u) = -6*u**3 - 105*u**2 + 155*u + 118. Give r(-19).
422
Let q(g) = 46*g**2 - 4*g - 670. Calculate q(-4).
82
Let u(d) = 2*d + 378. Calculate u(-27).
324
Let w(l) = -252*l**2 - 11339*l + 47. Give w(-45).
2
Let n(v) = -1730*v**2 + 8586*v + 315. What is n(5)?
-5
Let i(f) = -1260*f - 40234. Give i(-32).
86
Let t(h) = -12351*h - 109753. Calculate t(-9).
1406
Let q(c) = 7*c**3 + 140*c**2 + 686*c - 21. What is q(-12)?
-189
Let l(h) = 21*h**2 - 511*h + 1614. 